{"id":18073,"date":"2022-12-14T15:51:00","date_gmt":"2022-12-14T14:51:00","guid":{"rendered":"https:\/\/www.galeriedurst.com\/oeuvre\/sans-titre-n12-valerie-poli\/"},"modified":"2026-01-28T15:04:13","modified_gmt":"2026-01-28T14:04:13","slug":"sans-titre-n12-valerie-poli","status":"publish","type":"product","link":"https:\/\/www.galeriedurst.com\/en\/oeuvre\/sans-titre-n12-valerie-poli\/","title":{"rendered":"Sans titre n\u00b012"},"content":{"rendered":"<p>Oil painting on canvas with mount<br \/>\nImage: 39 \u00d7 59 cm<br \/>\nWith mount: 50 \u00d7 70 cm<br \/>\nUnique, signed work<\/p>\n<p>&nbsp;<\/p>\n<p>Val\u00e9rie Poli\u2019s works reveal sensitive landscapes where pigments, quartz and sand are layered to create vibrant atmospheres. Dominated by deep blues, her canvases oscillate between calm and intensity, allowing the material, light and gesture to compose horizons where water and sky seem to meet. <\/p>\n<p>&nbsp;<\/p>\n<p data-start=\"299\" data-end=\"347\">This artwork is on view at Galerie Durst, Paris<\/p>\n<p data-start=\"349\" data-end=\"436\" data-is-last-node=\"\" data-is-only-node=\"\">Contact us at <a href=\"mailto:bonjour@galeriedurst.com\"><strong data-start=\"366\" data-end=\"394\">bonjour@galeriedurst.com<\/strong><\/a> for more information about this artwork.<\/p>\n","protected":false},"excerpt":{"rendered":"<p>Oil painting on canvas with mount Image: 39 \u00d7 59 cm With mount: 50 \u00d7 70 cm Unique, signed work &nbsp; Val\u00e9rie Poli\u2019s works reveal sensitive landscapes where pigments, quartz and sand are layered to create vibrant atmospheres. Dominated by deep blues, her canvases oscillate between calm and intensity, allowing the material, light and gesture [&hellip;]<\/p>\n","protected":false},"featured_media":9535,"comment_status":"open","ping_status":"closed","template":"","meta":{"_acf_changed":false},"product_brand":[],"product_cat":[597],"product_tag":[],"class_list":{"0":"post-18073","1":"product","2":"type-product","3":"status-publish","4":"has-post-thumbnail","6":"product_cat-valerie-poli-en","8":"first","9":"instock","10":"taxable","11":"shipping-taxable","12":"purchasable","13":"product-type-simple"},"acf":[],"yoast_head":"<!-- This site is optimized with the Yoast SEO plugin v27.1.1 - https:\/\/yoast.com\/product\/yoast-seo-wordpress\/ -->\n<title>Sans titre n\u00b012 - Val\u00e9rie Poli - Galerie Durst<\/title>\n<meta name=\"description\" content=\"Discover at the Galerie Durst the new artwork, Sans titre n\u00b012 by Val\u00e9rie Poli, an abstract and poetic painting on canvas.\" \/>\n<meta name=\"robots\" content=\"index, follow, max-snippet:-1, max-image-preview:large, max-video-preview:-1\" \/>\n<link rel=\"canonical\" href=\"https:\/\/www.galeriedurst.com\/en\/oeuvre\/sans-titre-n12-valerie-poli\/\" \/>\n<meta property=\"og:locale\" content=\"en_US\" \/>\n<meta property=\"og:type\" content=\"article\" \/>\n<meta property=\"og:title\" content=\"Sans titre n\u00b012 - Val\u00e9rie Poli - Galerie Durst\" \/>\n<meta property=\"og:description\" content=\"Discover at the Galerie Durst the new artwork, Sans titre n\u00b012 by Val\u00e9rie Poli, an abstract and poetic painting on canvas.\" \/>\n<meta property=\"og:url\" content=\"https:\/\/www.galeriedurst.com\/en\/oeuvre\/sans-titre-n12-valerie-poli\/\" \/>\n<meta property=\"og:site_name\" content=\"Galerie Durst\" \/>\n<meta property=\"article:modified_time\" content=\"2026-01-28T14:04:13+00:00\" \/>\n<meta property=\"og:image\" content=\"https:\/\/www.galeriedurst.com\/\/content\/uploads\/2022\/12\/Valerie-Poli-Sans-titre-n\u00b012-70-x-50-39-x-59-1-scaled.jpg\" \/>\n\t<meta property=\"og:image:width\" content=\"2048\" \/>\n\t<meta property=\"og:image:height\" content=\"1463\" \/>\n\t<meta property=\"og:image:type\" content=\"image\/jpeg\" \/>\n<meta name=\"twitter:card\" content=\"summary_large_image\" \/>\n<meta name=\"twitter:label1\" content=\"Est. reading time\" \/>\n\t<meta name=\"twitter:data1\" content=\"1 minute\" \/>\n<script type=\"application\/ld+json\" class=\"yoast-schema-graph\">{\"@context\":\"https:\/\/schema.org\",\"@graph\":[{\"@type\":\"WebPage\",\"@id\":\"https:\/\/www.galeriedurst.com\/en\/oeuvre\/sans-titre-n12-valerie-poli\/\",\"url\":\"https:\/\/www.galeriedurst.com\/en\/oeuvre\/sans-titre-n12-valerie-poli\/\",\"name\":\"Sans titre n\u00b012 - Val\u00e9rie Poli - Galerie Durst\",\"isPartOf\":{\"@id\":\"https:\/\/www.galeriedurst.com\/en\/#website\"},\"primaryImageOfPage\":{\"@id\":\"https:\/\/www.galeriedurst.com\/en\/oeuvre\/sans-titre-n12-valerie-poli\/#primaryimage\"},\"image\":{\"@id\":\"https:\/\/www.galeriedurst.com\/en\/oeuvre\/sans-titre-n12-valerie-poli\/#primaryimage\"},\"thumbnailUrl\":\"https:\/\/www.galeriedurst.com\/\/content\/uploads\/2022\/12\/Valerie-Poli-Sans-titre-n\u00b012-70-x-50-39-x-59-1-scaled.jpg\",\"datePublished\":\"2022-12-14T14:51:00+00:00\",\"dateModified\":\"2026-01-28T14:04:13+00:00\",\"description\":\"Discover at the Galerie Durst the new artwork, Sans titre n\u00b012 by Val\u00e9rie Poli, an abstract and poetic painting on canvas.\",\"breadcrumb\":{\"@id\":\"https:\/\/www.galeriedurst.com\/en\/oeuvre\/sans-titre-n12-valerie-poli\/#breadcrumb\"},\"inLanguage\":\"en-US\",\"potentialAction\":[{\"@type\":\"ReadAction\",\"target\":[\"https:\/\/www.galeriedurst.com\/en\/oeuvre\/sans-titre-n12-valerie-poli\/\"]}]},{\"@type\":\"ImageObject\",\"inLanguage\":\"en-US\",\"@id\":\"https:\/\/www.galeriedurst.com\/en\/oeuvre\/sans-titre-n12-valerie-poli\/#primaryimage\",\"url\":\"https:\/\/www.galeriedurst.com\/\/content\/uploads\/2022\/12\/Valerie-Poli-Sans-titre-n\u00b012-70-x-50-39-x-59-1-scaled.jpg\",\"contentUrl\":\"https:\/\/www.galeriedurst.com\/\/content\/uploads\/2022\/12\/Valerie-Poli-Sans-titre-n\u00b012-70-x-50-39-x-59-1-scaled.jpg\",\"width\":2048,\"height\":1463,\"caption\":\"Val\u00e9rie Poli - Sans titre n\u00b012\"},{\"@type\":\"BreadcrumbList\",\"@id\":\"https:\/\/www.galeriedurst.com\/en\/oeuvre\/sans-titre-n12-valerie-poli\/#breadcrumb\",\"itemListElement\":[{\"@type\":\"ListItem\",\"position\":1,\"name\":\"Home\",\"item\":\"https:\/\/www.galeriedurst.com\/en\/homepage\/\"},{\"@type\":\"ListItem\",\"position\":2,\"name\":\"Artworks\",\"item\":\"https:\/\/www.galeriedurst.com\/en\/artworks\/\"},{\"@type\":\"ListItem\",\"position\":3,\"name\":\"Sans titre n\u00b012\"}]},{\"@type\":\"WebSite\",\"@id\":\"https:\/\/www.galeriedurst.com\/en\/#website\",\"url\":\"https:\/\/www.galeriedurst.com\/en\/\",\"name\":\"Galerie Durst\",\"description\":\"Paris contemporary art gallery & art consultancy\",\"publisher\":{\"@id\":\"https:\/\/www.galeriedurst.com\/en\/#organization\"},\"potentialAction\":[{\"@type\":\"SearchAction\",\"target\":{\"@type\":\"EntryPoint\",\"urlTemplate\":\"https:\/\/www.galeriedurst.com\/en\/?s={search_term_string}\"},\"query-input\":{\"@type\":\"PropertyValueSpecification\",\"valueRequired\":true,\"valueName\":\"search_term_string\"}}],\"inLanguage\":\"en-US\"},{\"@type\":\"Organization\",\"@id\":\"https:\/\/www.galeriedurst.com\/en\/#organization\",\"name\":\"Galerie Durst\",\"url\":\"https:\/\/www.galeriedurst.com\/en\/\",\"logo\":{\"@type\":\"ImageObject\",\"inLanguage\":\"en-US\",\"@id\":\"https:\/\/www.galeriedurst.com\/en\/#\/schema\/logo\/image\/\",\"url\":\"https:\/\/www.galeriedurst.com\/\/content\/uploads\/2021\/10\/GalerieDurst_Logo.svg\",\"contentUrl\":\"https:\/\/www.galeriedurst.com\/\/content\/uploads\/2021\/10\/GalerieDurst_Logo.svg\",\"width\":1,\"height\":1,\"caption\":\"Galerie Durst\"},\"image\":{\"@id\":\"https:\/\/www.galeriedurst.com\/en\/#\/schema\/logo\/image\/\"}}]}<\/script>\n<!-- \/ Yoast SEO plugin. -->","yoast_head_json":{"title":"Sans titre n\u00b012 - Val\u00e9rie Poli - Galerie Durst","description":"Discover at the Galerie Durst the new artwork, Sans titre n\u00b012 by Val\u00e9rie Poli, an abstract and poetic painting on canvas.","robots":{"index":"index","follow":"follow","max-snippet":"max-snippet:-1","max-image-preview":"max-image-preview:large","max-video-preview":"max-video-preview:-1"},"canonical":"https:\/\/www.galeriedurst.com\/en\/oeuvre\/sans-titre-n12-valerie-poli\/","og_locale":"en_US","og_type":"article","og_title":"Sans titre n\u00b012 - Val\u00e9rie Poli - Galerie Durst","og_description":"Discover at the Galerie Durst the new artwork, Sans titre n\u00b012 by Val\u00e9rie Poli, an abstract and poetic painting on canvas.","og_url":"https:\/\/www.galeriedurst.com\/en\/oeuvre\/sans-titre-n12-valerie-poli\/","og_site_name":"Galerie Durst","article_modified_time":"2026-01-28T14:04:13+00:00","og_image":[{"width":2048,"height":1463,"url":"https:\/\/www.galeriedurst.com\/\/content\/uploads\/2022\/12\/Valerie-Poli-Sans-titre-n\u00b012-70-x-50-39-x-59-1-scaled.jpg","type":"image\/jpeg"}],"twitter_card":"summary_large_image","twitter_misc":{"Est. reading time":"1 minute"},"schema":{"@context":"https:\/\/schema.org","@graph":[{"@type":"WebPage","@id":"https:\/\/www.galeriedurst.com\/en\/oeuvre\/sans-titre-n12-valerie-poli\/","url":"https:\/\/www.galeriedurst.com\/en\/oeuvre\/sans-titre-n12-valerie-poli\/","name":"Sans titre n\u00b012 - Val\u00e9rie Poli - Galerie Durst","isPartOf":{"@id":"https:\/\/www.galeriedurst.com\/en\/#website"},"primaryImageOfPage":{"@id":"https:\/\/www.galeriedurst.com\/en\/oeuvre\/sans-titre-n12-valerie-poli\/#primaryimage"},"image":{"@id":"https:\/\/www.galeriedurst.com\/en\/oeuvre\/sans-titre-n12-valerie-poli\/#primaryimage"},"thumbnailUrl":"https:\/\/www.galeriedurst.com\/\/content\/uploads\/2022\/12\/Valerie-Poli-Sans-titre-n\u00b012-70-x-50-39-x-59-1-scaled.jpg","datePublished":"2022-12-14T14:51:00+00:00","dateModified":"2026-01-28T14:04:13+00:00","description":"Discover at the Galerie Durst the new artwork, Sans titre n\u00b012 by Val\u00e9rie Poli, an abstract and poetic painting on canvas.","breadcrumb":{"@id":"https:\/\/www.galeriedurst.com\/en\/oeuvre\/sans-titre-n12-valerie-poli\/#breadcrumb"},"inLanguage":"en-US","potentialAction":[{"@type":"ReadAction","target":["https:\/\/www.galeriedurst.com\/en\/oeuvre\/sans-titre-n12-valerie-poli\/"]}]},{"@type":"ImageObject","inLanguage":"en-US","@id":"https:\/\/www.galeriedurst.com\/en\/oeuvre\/sans-titre-n12-valerie-poli\/#primaryimage","url":"https:\/\/www.galeriedurst.com\/\/content\/uploads\/2022\/12\/Valerie-Poli-Sans-titre-n\u00b012-70-x-50-39-x-59-1-scaled.jpg","contentUrl":"https:\/\/www.galeriedurst.com\/\/content\/uploads\/2022\/12\/Valerie-Poli-Sans-titre-n\u00b012-70-x-50-39-x-59-1-scaled.jpg","width":2048,"height":1463,"caption":"Val\u00e9rie Poli - Sans titre n\u00b012"},{"@type":"BreadcrumbList","@id":"https:\/\/www.galeriedurst.com\/en\/oeuvre\/sans-titre-n12-valerie-poli\/#breadcrumb","itemListElement":[{"@type":"ListItem","position":1,"name":"Home","item":"https:\/\/www.galeriedurst.com\/en\/homepage\/"},{"@type":"ListItem","position":2,"name":"Artworks","item":"https:\/\/www.galeriedurst.com\/en\/artworks\/"},{"@type":"ListItem","position":3,"name":"Sans titre n\u00b012"}]},{"@type":"WebSite","@id":"https:\/\/www.galeriedurst.com\/en\/#website","url":"https:\/\/www.galeriedurst.com\/en\/","name":"Galerie Durst","description":"Paris contemporary art gallery & art consultancy","publisher":{"@id":"https:\/\/www.galeriedurst.com\/en\/#organization"},"potentialAction":[{"@type":"SearchAction","target":{"@type":"EntryPoint","urlTemplate":"https:\/\/www.galeriedurst.com\/en\/?s={search_term_string}"},"query-input":{"@type":"PropertyValueSpecification","valueRequired":true,"valueName":"search_term_string"}}],"inLanguage":"en-US"},{"@type":"Organization","@id":"https:\/\/www.galeriedurst.com\/en\/#organization","name":"Galerie Durst","url":"https:\/\/www.galeriedurst.com\/en\/","logo":{"@type":"ImageObject","inLanguage":"en-US","@id":"https:\/\/www.galeriedurst.com\/en\/#\/schema\/logo\/image\/","url":"https:\/\/www.galeriedurst.com\/\/content\/uploads\/2021\/10\/GalerieDurst_Logo.svg","contentUrl":"https:\/\/www.galeriedurst.com\/\/content\/uploads\/2021\/10\/GalerieDurst_Logo.svg","width":1,"height":1,"caption":"Galerie Durst"},"image":{"@id":"https:\/\/www.galeriedurst.com\/en\/#\/schema\/logo\/image\/"}}]}},"_links":{"self":[{"href":"https:\/\/www.galeriedurst.com\/en\/wp-json\/wp\/v2\/product\/18073","targetHints":{"allow":["GET"]}}],"collection":[{"href":"https:\/\/www.galeriedurst.com\/en\/wp-json\/wp\/v2\/product"}],"about":[{"href":"https:\/\/www.galeriedurst.com\/en\/wp-json\/wp\/v2\/types\/product"}],"replies":[{"embeddable":true,"href":"https:\/\/www.galeriedurst.com\/en\/wp-json\/wp\/v2\/comments?post=18073"}],"wp:featuredmedia":[{"embeddable":true,"href":"https:\/\/www.galeriedurst.com\/en\/wp-json\/wp\/v2\/media\/9535"}],"wp:attachment":[{"href":"https:\/\/www.galeriedurst.com\/en\/wp-json\/wp\/v2\/media?parent=18073"}],"wp:term":[{"taxonomy":"product_brand","embeddable":true,"href":"https:\/\/www.galeriedurst.com\/en\/wp-json\/wp\/v2\/product_brand?post=18073"},{"taxonomy":"product_cat","embeddable":true,"href":"https:\/\/www.galeriedurst.com\/en\/wp-json\/wp\/v2\/product_cat?post=18073"},{"taxonomy":"product_tag","embeddable":true,"href":"https:\/\/www.galeriedurst.com\/en\/wp-json\/wp\/v2\/product_tag?post=18073"}],"curies":[{"name":"wp","href":"https:\/\/api.w.org\/{rel}","templated":true}]}}

<p>Oil painting on canvas with mount<br />
Image: 39 × 59 cm<br />
With mount: 50 × 70 cm<br />
Unique, signed work</p>
<p>&nbsp;</p>
<p>Valérie Poli’s works reveal sensitive landscapes where pigments, quartz and sand are layered to create vibrant atmospheres. Dominated by deep blues, her canvases oscillate between calm and intensity, allowing the material, light and gesture to compose horizons where water and sky seem to meet. </p>
<p>&nbsp;</p>
<p data-start="299" data-end="347">This artwork is on view at Galerie Durst, Paris</p>
<p data-start="349" data-end="436" data-is-last-node="" data-is-only-node="">Contact us at <a href="mailto:bonjour@galeriedurst.com"><strong data-start="366" data-end="394">bonjour@galeriedurst.com</strong></a> for more information about this artwork.</p>

<p>Oil painting on canvas with mount Image: 39 × 59 cm With mount: 50 × 70 cm Unique, signed work &nbsp; Valérie Poli’s works reveal sensitive landscapes where pigments, quartz and sand are layered to create vibrant atmospheres. Dominated by deep blues, her canvases oscillate between calm and intensity, allowing the material, light and gesture [&hellip;]</p>

<!-- This site is optimized with the Yoast SEO plugin v27.1.1 - https://yoast.com/product/yoast-seo-wordpress/ -->
<title>Sans titre n°12 - Valérie Poli - Galerie Durst</title>
<meta name="description" content="Discover at the Galerie Durst the new artwork, Sans titre n°12 by Valérie Poli, an abstract and poetic painting on canvas." />
<meta name="robots" content="index, follow, max-snippet:-1, max-image-preview:large, max-video-preview:-1" />
<link rel="canonical" href="https://www.galeriedurst.com/en/oeuvre/sans-titre-n12-valerie-poli/" />
<meta property="og:locale" content="en_US" />
<meta property="og:type" content="article" />
<meta property="og:title" content="Sans titre n°12 - Valérie Poli - Galerie Durst" />
<meta property="og:description" content="Discover at the Galerie Durst the new artwork, Sans titre n°12 by Valérie Poli, an abstract and poetic painting on canvas." />
<meta property="og:url" content="https://www.galeriedurst.com/en/oeuvre/sans-titre-n12-valerie-poli/" />
<meta property="og:site_name" content="Galerie Durst" />
<meta property="article:modified_time" content="2026-01-28T14:04:13+00:00" />
<meta property="og:image" content="https://www.galeriedurst.com//content/uploads/2022/12/Valerie-Poli-Sans-titre-n°12-70-x-50-39-x-59-1-scaled.jpg" />
	<meta property="og:image:width" content="2048" />
	<meta property="og:image:height" content="1463" />
	<meta property="og:image:type" content="image/jpeg" />
<meta name="twitter:card" content="summary_large_image" />
<meta name="twitter:label1" content="Est. reading time" />
	<meta name="twitter:data1" content="1 minute" />
<script type="application/ld+json" class="yoast-schema-graph">{"@context":"https://schema.org","@graph":[{"@type":"WebPage","@id":"https://www.galeriedurst.com/en/oeuvre/sans-titre-n12-valerie-poli/","url":"https://www.galeriedurst.com/en/oeuvre/sans-titre-n12-valerie-poli/","name":"Sans titre n°12 - Valérie Poli - Galerie Durst","isPartOf":{"@id":"https://www.galeriedurst.com/en/#website"},"primaryImageOfPage":{"@id":"https://www.galeriedurst.com/en/oeuvre/sans-titre-n12-valerie-poli/#primaryimage"},"image":{"@id":"https://www.galeriedurst.com/en/oeuvre/sans-titre-n12-valerie-poli/#primaryimage"},"thumbnailUrl":"https://www.galeriedurst.com//content/uploads/2022/12/Valerie-Poli-Sans-titre-n°12-70-x-50-39-x-59-1-scaled.jpg","datePublished":"2022-12-14T14:51:00+00:00","dateModified":"2026-01-28T14:04:13+00:00","description":"Discover at the Galerie Durst the new artwork, Sans titre n°12 by Valérie Poli, an abstract and poetic painting on canvas.","breadcrumb":{"@id":"https://www.galeriedurst.com/en/oeuvre/sans-titre-n12-valerie-poli/#breadcrumb"},"inLanguage":"en-US","potentialAction":[{"@type":"ReadAction","target":["https://www.galeriedurst.com/en/oeuvre/sans-titre-n12-valerie-poli/"]}]},{"@type":"ImageObject","inLanguage":"en-US","@id":"https://www.galeriedurst.com/en/oeuvre/sans-titre-n12-valerie-poli/#primaryimage","url":"https://www.galeriedurst.com//content/uploads/2022/12/Valerie-Poli-Sans-titre-n°12-70-x-50-39-x-59-1-scaled.jpg","contentUrl":"https://www.galeriedurst.com//content/uploads/2022/12/Valerie-Poli-Sans-titre-n°12-70-x-50-39-x-59-1-scaled.jpg","width":2048,"height":1463,"caption":"Valérie Poli - Sans titre n°12"},{"@type":"BreadcrumbList","@id":"https://www.galeriedurst.com/en/oeuvre/sans-titre-n12-valerie-poli/#breadcrumb","itemListElement":[{"@type":"ListItem","position":1,"name":"Home","item":"https://www.galeriedurst.com/en/homepage/"},{"@type":"ListItem","position":2,"name":"Artworks","item":"https://www.galeriedurst.com/en/artworks/"},{"@type":"ListItem","position":3,"name":"Sans titre n°12"}]},{"@type":"WebSite","@id":"https://www.galeriedurst.com/en/#website","url":"https://www.galeriedurst.com/en/","name":"Galerie Durst","description":"Paris contemporary art gallery & art consultancy","publisher":{"@id":"https://www.galeriedurst.com/en/#organization"},"potentialAction":[{"@type":"SearchAction","target":{"@type":"EntryPoint","urlTemplate":"https://www.galeriedurst.com/en/?s={search_term_string}"},"query-input":{"@type":"PropertyValueSpecification","valueRequired":true,"valueName":"search_term_string"}}],"inLanguage":"en-US"},{"@type":"Organization","@id":"https://www.galeriedurst.com/en/#organization","name":"Galerie Durst","url":"https://www.galeriedurst.com/en/","logo":{"@type":"ImageObject","inLanguage":"en-US","@id":"https://www.galeriedurst.com/en/#/schema/logo/image/","url":"https://www.galeriedurst.com//content/uploads/2021/10/GalerieDurst_Logo.svg","contentUrl":"https://www.galeriedurst.com//content/uploads/2021/10/GalerieDurst_Logo.svg","width":1,"height":1,"caption":"Galerie Durst"},"image":{"@id":"https://www.galeriedurst.com/en/#/schema/logo/image/"}}]}</script>
<!-- / Yoast SEO plugin. -->

Sans titre n°12 - Valérie Poli - Galerie Durst

Discover at the Galerie Durst the new artwork, Sans titre n°12 by Valérie Poli, an abstract and poetic painting on canvas.

Valérie Poli - Sans titre n°12
