{"id":18911,"date":"2024-09-03T14:47:03","date_gmt":"2024-09-03T12:47:03","guid":{"rendered":"https:\/\/www.galeriedurst.com\/oeuvre\/vegetal-1\/"},"modified":"2026-01-28T15:04:12","modified_gmt":"2026-01-28T14:04:12","slug":"vegetal-1","status":"publish","type":"product","link":"https:\/\/www.galeriedurst.com\/en\/oeuvre\/vegetal-1\/","title":{"rendered":"V\u00e9g\u00e9tal 1"},"content":{"rendered":"<p>Oil and gold leaf on canvas with mount<br \/>\nImage: 19.5 \u00d7 29.5 cm<br \/>\nWith mount: 30 \u00d7 45 cm<br \/>\nUnique, signed work<\/p>\n<p>&nbsp;<\/p>\n<p>Val\u00e9rie Poli\u2019s works reveal sensitive landscapes where pigments, quartz and sand are layered to create vibrant atmospheres. Dominated by deep blues, her canvases oscillate between calm and intensity, allowing the material, light and gesture to compose horizons where water and sky seem to meet. <\/p>\n<p>&nbsp;<\/p>\n<p data-start=\"299\" data-end=\"347\">This artwork is on view at Galerie Durst, Paris<\/p>\n<p data-start=\"349\" data-end=\"436\" data-is-last-node=\"\" data-is-only-node=\"\">Contact us at <a href=\"mailto:bonjour@galeriedurst.com\"><strong data-start=\"366\" data-end=\"394\">bonjour@galeriedurst.com<\/strong><\/a> for more information about this artwork.<\/p>\n","protected":false},"excerpt":{"rendered":"<p>Oil and gold leaf on canvas with mount Image: 19.5 \u00d7 29.5 cm With mount: 30 \u00d7 45 cm Unique, signed work &nbsp; Val\u00e9rie Poli\u2019s works reveal sensitive landscapes where pigments, quartz and sand are layered to create vibrant atmospheres. Dominated by deep blues, her canvases oscillate between calm and intensity, allowing the material, light [&hellip;]<\/p>\n","protected":false},"featured_media":18908,"comment_status":"open","ping_status":"closed","template":"","meta":{"_acf_changed":false},"product_brand":[],"product_cat":[597],"product_tag":[],"class_list":{"0":"post-18911","1":"product","2":"type-product","3":"status-publish","4":"has-post-thumbnail","6":"product_cat-valerie-poli-en","8":"first","9":"instock","10":"taxable","11":"shipping-taxable","12":"purchasable","13":"product-type-simple"},"acf":[],"yoast_head":"<!-- This site is optimized with the Yoast SEO plugin v27.1.1 - https:\/\/yoast.com\/product\/yoast-seo-wordpress\/ -->\n<title>V\u00e9g\u00e9tal 1 - Val\u00e9rie Poli - Galerie Durst<\/title>\n<meta name=\"description\" content=\"Discover at Galerie Durst the new work, V\u00e9g\u00e9tal 1 by Val\u00e9rie Poli, an abstract and poetic painting on canvas.\" \/>\n<meta name=\"robots\" content=\"index, follow, max-snippet:-1, max-image-preview:large, max-video-preview:-1\" \/>\n<link rel=\"canonical\" href=\"https:\/\/www.galeriedurst.com\/en\/oeuvre\/vegetal-1\/\" \/>\n<meta property=\"og:locale\" content=\"en_US\" \/>\n<meta property=\"og:type\" content=\"article\" \/>\n<meta property=\"og:title\" content=\"V\u00e9g\u00e9tal 1 - Val\u00e9rie Poli - Galerie Durst\" \/>\n<meta property=\"og:description\" content=\"Discover at Galerie Durst the new work, V\u00e9g\u00e9tal 1 by Val\u00e9rie Poli, an abstract and poetic painting on canvas.\" \/>\n<meta property=\"og:url\" content=\"https:\/\/www.galeriedurst.com\/en\/oeuvre\/vegetal-1\/\" \/>\n<meta property=\"og:site_name\" content=\"Galerie Durst\" \/>\n<meta property=\"article:modified_time\" content=\"2026-01-28T14:04:12+00:00\" \/>\n<meta property=\"og:image\" content=\"https:\/\/www.galeriedurst.com\/\/content\/uploads\/2024\/09\/Valerie-Poli-Vegetal-1-30-x-45-cm.jpg\" \/>\n\t<meta property=\"og:image:width\" content=\"1080\" \/>\n\t<meta property=\"og:image:height\" content=\"799\" \/>\n\t<meta property=\"og:image:type\" content=\"image\/jpeg\" \/>\n<meta name=\"twitter:card\" content=\"summary_large_image\" \/>\n<script type=\"application\/ld+json\" class=\"yoast-schema-graph\">{\"@context\":\"https:\/\/schema.org\",\"@graph\":[{\"@type\":\"WebPage\",\"@id\":\"https:\/\/www.galeriedurst.com\/en\/oeuvre\/vegetal-1\/\",\"url\":\"https:\/\/www.galeriedurst.com\/en\/oeuvre\/vegetal-1\/\",\"name\":\"V\u00e9g\u00e9tal 1 - Val\u00e9rie Poli - Galerie Durst\",\"isPartOf\":{\"@id\":\"https:\/\/www.galeriedurst.com\/en\/#website\"},\"primaryImageOfPage\":{\"@id\":\"https:\/\/www.galeriedurst.com\/en\/oeuvre\/vegetal-1\/#primaryimage\"},\"image\":{\"@id\":\"https:\/\/www.galeriedurst.com\/en\/oeuvre\/vegetal-1\/#primaryimage\"},\"thumbnailUrl\":\"https:\/\/www.galeriedurst.com\/\/content\/uploads\/2024\/09\/Valerie-Poli-Vegetal-1-30-x-45-cm.jpg\",\"datePublished\":\"2024-09-03T12:47:03+00:00\",\"dateModified\":\"2026-01-28T14:04:12+00:00\",\"description\":\"Discover at Galerie Durst the new work, V\u00e9g\u00e9tal 1 by Val\u00e9rie Poli, an abstract and poetic painting on canvas.\",\"breadcrumb\":{\"@id\":\"https:\/\/www.galeriedurst.com\/en\/oeuvre\/vegetal-1\/#breadcrumb\"},\"inLanguage\":\"en-US\",\"potentialAction\":[{\"@type\":\"ReadAction\",\"target\":[\"https:\/\/www.galeriedurst.com\/en\/oeuvre\/vegetal-1\/\"]}]},{\"@type\":\"ImageObject\",\"inLanguage\":\"en-US\",\"@id\":\"https:\/\/www.galeriedurst.com\/en\/oeuvre\/vegetal-1\/#primaryimage\",\"url\":\"https:\/\/www.galeriedurst.com\/\/content\/uploads\/2024\/09\/Valerie-Poli-Vegetal-1-30-x-45-cm.jpg\",\"contentUrl\":\"https:\/\/www.galeriedurst.com\/\/content\/uploads\/2024\/09\/Valerie-Poli-Vegetal-1-30-x-45-cm.jpg\",\"width\":1080,\"height\":799,\"caption\":\"Val\u00e9rie Poli - V\u00e9g\u00e9tal 1 - 30 x 45 cm\"},{\"@type\":\"BreadcrumbList\",\"@id\":\"https:\/\/www.galeriedurst.com\/en\/oeuvre\/vegetal-1\/#breadcrumb\",\"itemListElement\":[{\"@type\":\"ListItem\",\"position\":1,\"name\":\"Home\",\"item\":\"https:\/\/www.galeriedurst.com\/en\/homepage\/\"},{\"@type\":\"ListItem\",\"position\":2,\"name\":\"Artworks\",\"item\":\"https:\/\/www.galeriedurst.com\/en\/artworks\/\"},{\"@type\":\"ListItem\",\"position\":3,\"name\":\"V\u00e9g\u00e9tal 1\"}]},{\"@type\":\"WebSite\",\"@id\":\"https:\/\/www.galeriedurst.com\/en\/#website\",\"url\":\"https:\/\/www.galeriedurst.com\/en\/\",\"name\":\"Galerie Durst\",\"description\":\"Paris contemporary art gallery & art consultancy\",\"publisher\":{\"@id\":\"https:\/\/www.galeriedurst.com\/en\/#organization\"},\"potentialAction\":[{\"@type\":\"SearchAction\",\"target\":{\"@type\":\"EntryPoint\",\"urlTemplate\":\"https:\/\/www.galeriedurst.com\/en\/?s={search_term_string}\"},\"query-input\":{\"@type\":\"PropertyValueSpecification\",\"valueRequired\":true,\"valueName\":\"search_term_string\"}}],\"inLanguage\":\"en-US\"},{\"@type\":\"Organization\",\"@id\":\"https:\/\/www.galeriedurst.com\/en\/#organization\",\"name\":\"Galerie Durst\",\"url\":\"https:\/\/www.galeriedurst.com\/en\/\",\"logo\":{\"@type\":\"ImageObject\",\"inLanguage\":\"en-US\",\"@id\":\"https:\/\/www.galeriedurst.com\/en\/#\/schema\/logo\/image\/\",\"url\":\"https:\/\/www.galeriedurst.com\/\/content\/uploads\/2021\/10\/GalerieDurst_Logo.svg\",\"contentUrl\":\"https:\/\/www.galeriedurst.com\/\/content\/uploads\/2021\/10\/GalerieDurst_Logo.svg\",\"width\":1,\"height\":1,\"caption\":\"Galerie Durst\"},\"image\":{\"@id\":\"https:\/\/www.galeriedurst.com\/en\/#\/schema\/logo\/image\/\"}}]}<\/script>\n<!-- \/ Yoast SEO plugin. -->","yoast_head_json":{"title":"V\u00e9g\u00e9tal 1 - Val\u00e9rie Poli - Galerie Durst","description":"Discover at Galerie Durst the new work, V\u00e9g\u00e9tal 1 by Val\u00e9rie Poli, an abstract and poetic painting on canvas.","robots":{"index":"index","follow":"follow","max-snippet":"max-snippet:-1","max-image-preview":"max-image-preview:large","max-video-preview":"max-video-preview:-1"},"canonical":"https:\/\/www.galeriedurst.com\/en\/oeuvre\/vegetal-1\/","og_locale":"en_US","og_type":"article","og_title":"V\u00e9g\u00e9tal 1 - Val\u00e9rie Poli - Galerie Durst","og_description":"Discover at Galerie Durst the new work, V\u00e9g\u00e9tal 1 by Val\u00e9rie Poli, an abstract and poetic painting on canvas.","og_url":"https:\/\/www.galeriedurst.com\/en\/oeuvre\/vegetal-1\/","og_site_name":"Galerie Durst","article_modified_time":"2026-01-28T14:04:12+00:00","og_image":[{"width":1080,"height":799,"url":"https:\/\/www.galeriedurst.com\/\/content\/uploads\/2024\/09\/Valerie-Poli-Vegetal-1-30-x-45-cm.jpg","type":"image\/jpeg"}],"twitter_card":"summary_large_image","schema":{"@context":"https:\/\/schema.org","@graph":[{"@type":"WebPage","@id":"https:\/\/www.galeriedurst.com\/en\/oeuvre\/vegetal-1\/","url":"https:\/\/www.galeriedurst.com\/en\/oeuvre\/vegetal-1\/","name":"V\u00e9g\u00e9tal 1 - Val\u00e9rie Poli - Galerie Durst","isPartOf":{"@id":"https:\/\/www.galeriedurst.com\/en\/#website"},"primaryImageOfPage":{"@id":"https:\/\/www.galeriedurst.com\/en\/oeuvre\/vegetal-1\/#primaryimage"},"image":{"@id":"https:\/\/www.galeriedurst.com\/en\/oeuvre\/vegetal-1\/#primaryimage"},"thumbnailUrl":"https:\/\/www.galeriedurst.com\/\/content\/uploads\/2024\/09\/Valerie-Poli-Vegetal-1-30-x-45-cm.jpg","datePublished":"2024-09-03T12:47:03+00:00","dateModified":"2026-01-28T14:04:12+00:00","description":"Discover at Galerie Durst the new work, V\u00e9g\u00e9tal 1 by Val\u00e9rie Poli, an abstract and poetic painting on canvas.","breadcrumb":{"@id":"https:\/\/www.galeriedurst.com\/en\/oeuvre\/vegetal-1\/#breadcrumb"},"inLanguage":"en-US","potentialAction":[{"@type":"ReadAction","target":["https:\/\/www.galeriedurst.com\/en\/oeuvre\/vegetal-1\/"]}]},{"@type":"ImageObject","inLanguage":"en-US","@id":"https:\/\/www.galeriedurst.com\/en\/oeuvre\/vegetal-1\/#primaryimage","url":"https:\/\/www.galeriedurst.com\/\/content\/uploads\/2024\/09\/Valerie-Poli-Vegetal-1-30-x-45-cm.jpg","contentUrl":"https:\/\/www.galeriedurst.com\/\/content\/uploads\/2024\/09\/Valerie-Poli-Vegetal-1-30-x-45-cm.jpg","width":1080,"height":799,"caption":"Val\u00e9rie Poli - V\u00e9g\u00e9tal 1 - 30 x 45 cm"},{"@type":"BreadcrumbList","@id":"https:\/\/www.galeriedurst.com\/en\/oeuvre\/vegetal-1\/#breadcrumb","itemListElement":[{"@type":"ListItem","position":1,"name":"Home","item":"https:\/\/www.galeriedurst.com\/en\/homepage\/"},{"@type":"ListItem","position":2,"name":"Artworks","item":"https:\/\/www.galeriedurst.com\/en\/artworks\/"},{"@type":"ListItem","position":3,"name":"V\u00e9g\u00e9tal 1"}]},{"@type":"WebSite","@id":"https:\/\/www.galeriedurst.com\/en\/#website","url":"https:\/\/www.galeriedurst.com\/en\/","name":"Galerie Durst","description":"Paris contemporary art gallery & art consultancy","publisher":{"@id":"https:\/\/www.galeriedurst.com\/en\/#organization"},"potentialAction":[{"@type":"SearchAction","target":{"@type":"EntryPoint","urlTemplate":"https:\/\/www.galeriedurst.com\/en\/?s={search_term_string}"},"query-input":{"@type":"PropertyValueSpecification","valueRequired":true,"valueName":"search_term_string"}}],"inLanguage":"en-US"},{"@type":"Organization","@id":"https:\/\/www.galeriedurst.com\/en\/#organization","name":"Galerie Durst","url":"https:\/\/www.galeriedurst.com\/en\/","logo":{"@type":"ImageObject","inLanguage":"en-US","@id":"https:\/\/www.galeriedurst.com\/en\/#\/schema\/logo\/image\/","url":"https:\/\/www.galeriedurst.com\/\/content\/uploads\/2021\/10\/GalerieDurst_Logo.svg","contentUrl":"https:\/\/www.galeriedurst.com\/\/content\/uploads\/2021\/10\/GalerieDurst_Logo.svg","width":1,"height":1,"caption":"Galerie Durst"},"image":{"@id":"https:\/\/www.galeriedurst.com\/en\/#\/schema\/logo\/image\/"}}]}},"_links":{"self":[{"href":"https:\/\/www.galeriedurst.com\/en\/wp-json\/wp\/v2\/product\/18911","targetHints":{"allow":["GET"]}}],"collection":[{"href":"https:\/\/www.galeriedurst.com\/en\/wp-json\/wp\/v2\/product"}],"about":[{"href":"https:\/\/www.galeriedurst.com\/en\/wp-json\/wp\/v2\/types\/product"}],"replies":[{"embeddable":true,"href":"https:\/\/www.galeriedurst.com\/en\/wp-json\/wp\/v2\/comments?post=18911"}],"wp:featuredmedia":[{"embeddable":true,"href":"https:\/\/www.galeriedurst.com\/en\/wp-json\/wp\/v2\/media\/18908"}],"wp:attachment":[{"href":"https:\/\/www.galeriedurst.com\/en\/wp-json\/wp\/v2\/media?parent=18911"}],"wp:term":[{"taxonomy":"product_brand","embeddable":true,"href":"https:\/\/www.galeriedurst.com\/en\/wp-json\/wp\/v2\/product_brand?post=18911"},{"taxonomy":"product_cat","embeddable":true,"href":"https:\/\/www.galeriedurst.com\/en\/wp-json\/wp\/v2\/product_cat?post=18911"},{"taxonomy":"product_tag","embeddable":true,"href":"https:\/\/www.galeriedurst.com\/en\/wp-json\/wp\/v2\/product_tag?post=18911"}],"curies":[{"name":"wp","href":"https:\/\/api.w.org\/{rel}","templated":true}]}}

Végétal 1

<p>Oil and gold leaf on canvas with mount<br />
Image: 19.5 × 29.5 cm<br />
With mount: 30 × 45 cm<br />
Unique, signed work</p>
<p>&nbsp;</p>
<p>Valérie Poli’s works reveal sensitive landscapes where pigments, quartz and sand are layered to create vibrant atmospheres. Dominated by deep blues, her canvases oscillate between calm and intensity, allowing the material, light and gesture to compose horizons where water and sky seem to meet. </p>
<p>&nbsp;</p>
<p data-start="299" data-end="347">This artwork is on view at Galerie Durst, Paris</p>
<p data-start="349" data-end="436" data-is-last-node="" data-is-only-node="">Contact us at <a href="mailto:bonjour@galeriedurst.com"><strong data-start="366" data-end="394">bonjour@galeriedurst.com</strong></a> for more information about this artwork.</p>

<p>Oil and gold leaf on canvas with mount Image: 19.5 × 29.5 cm With mount: 30 × 45 cm Unique, signed work &nbsp; Valérie Poli’s works reveal sensitive landscapes where pigments, quartz and sand are layered to create vibrant atmospheres. Dominated by deep blues, her canvases oscillate between calm and intensity, allowing the material, light [&hellip;]</p>

<!-- This site is optimized with the Yoast SEO plugin v27.1.1 - https://yoast.com/product/yoast-seo-wordpress/ -->
<title>Végétal 1 - Valérie Poli - Galerie Durst</title>
<meta name="description" content="Discover at Galerie Durst the new work, Végétal 1 by Valérie Poli, an abstract and poetic painting on canvas." />
<meta name="robots" content="index, follow, max-snippet:-1, max-image-preview:large, max-video-preview:-1" />
<link rel="canonical" href="https://www.galeriedurst.com/en/oeuvre/vegetal-1/" />
<meta property="og:locale" content="en_US" />
<meta property="og:type" content="article" />
<meta property="og:title" content="Végétal 1 - Valérie Poli - Galerie Durst" />
<meta property="og:description" content="Discover at Galerie Durst the new work, Végétal 1 by Valérie Poli, an abstract and poetic painting on canvas." />
<meta property="og:url" content="https://www.galeriedurst.com/en/oeuvre/vegetal-1/" />
<meta property="og:site_name" content="Galerie Durst" />
<meta property="article:modified_time" content="2026-01-28T14:04:12+00:00" />
<meta property="og:image" content="https://www.galeriedurst.com//content/uploads/2024/09/Valerie-Poli-Vegetal-1-30-x-45-cm.jpg" />
	<meta property="og:image:width" content="1080" />
	<meta property="og:image:height" content="799" />
	<meta property="og:image:type" content="image/jpeg" />
<meta name="twitter:card" content="summary_large_image" />
<script type="application/ld+json" class="yoast-schema-graph">{"@context":"https://schema.org","@graph":[{"@type":"WebPage","@id":"https://www.galeriedurst.com/en/oeuvre/vegetal-1/","url":"https://www.galeriedurst.com/en/oeuvre/vegetal-1/","name":"Végétal 1 - Valérie Poli - Galerie Durst","isPartOf":{"@id":"https://www.galeriedurst.com/en/#website"},"primaryImageOfPage":{"@id":"https://www.galeriedurst.com/en/oeuvre/vegetal-1/#primaryimage"},"image":{"@id":"https://www.galeriedurst.com/en/oeuvre/vegetal-1/#primaryimage"},"thumbnailUrl":"https://www.galeriedurst.com//content/uploads/2024/09/Valerie-Poli-Vegetal-1-30-x-45-cm.jpg","datePublished":"2024-09-03T12:47:03+00:00","dateModified":"2026-01-28T14:04:12+00:00","description":"Discover at Galerie Durst the new work, Végétal 1 by Valérie Poli, an abstract and poetic painting on canvas.","breadcrumb":{"@id":"https://www.galeriedurst.com/en/oeuvre/vegetal-1/#breadcrumb"},"inLanguage":"en-US","potentialAction":[{"@type":"ReadAction","target":["https://www.galeriedurst.com/en/oeuvre/vegetal-1/"]}]},{"@type":"ImageObject","inLanguage":"en-US","@id":"https://www.galeriedurst.com/en/oeuvre/vegetal-1/#primaryimage","url":"https://www.galeriedurst.com//content/uploads/2024/09/Valerie-Poli-Vegetal-1-30-x-45-cm.jpg","contentUrl":"https://www.galeriedurst.com//content/uploads/2024/09/Valerie-Poli-Vegetal-1-30-x-45-cm.jpg","width":1080,"height":799,"caption":"Valérie Poli - Végétal 1 - 30 x 45 cm"},{"@type":"BreadcrumbList","@id":"https://www.galeriedurst.com/en/oeuvre/vegetal-1/#breadcrumb","itemListElement":[{"@type":"ListItem","position":1,"name":"Home","item":"https://www.galeriedurst.com/en/homepage/"},{"@type":"ListItem","position":2,"name":"Artworks","item":"https://www.galeriedurst.com/en/artworks/"},{"@type":"ListItem","position":3,"name":"Végétal 1"}]},{"@type":"WebSite","@id":"https://www.galeriedurst.com/en/#website","url":"https://www.galeriedurst.com/en/","name":"Galerie Durst","description":"Paris contemporary art gallery & art consultancy","publisher":{"@id":"https://www.galeriedurst.com/en/#organization"},"potentialAction":[{"@type":"SearchAction","target":{"@type":"EntryPoint","urlTemplate":"https://www.galeriedurst.com/en/?s={search_term_string}"},"query-input":{"@type":"PropertyValueSpecification","valueRequired":true,"valueName":"search_term_string"}}],"inLanguage":"en-US"},{"@type":"Organization","@id":"https://www.galeriedurst.com/en/#organization","name":"Galerie Durst","url":"https://www.galeriedurst.com/en/","logo":{"@type":"ImageObject","inLanguage":"en-US","@id":"https://www.galeriedurst.com/en/#/schema/logo/image/","url":"https://www.galeriedurst.com//content/uploads/2021/10/GalerieDurst_Logo.svg","contentUrl":"https://www.galeriedurst.com//content/uploads/2021/10/GalerieDurst_Logo.svg","width":1,"height":1,"caption":"Galerie Durst"},"image":{"@id":"https://www.galeriedurst.com/en/#/schema/logo/image/"}}]}</script>
<!-- / Yoast SEO plugin. -->

Végétal 1 - Valérie Poli - Galerie Durst

Discover at Galerie Durst the new work, Végétal 1 by Valérie Poli, an abstract and poetic painting on canvas.

Valérie Poli - Végétal 1 - 30 x 45 cm
