{"id":19367,"date":"2026-03-06T12:00:27","date_gmt":"2026-03-06T11:00:27","guid":{"rendered":"https:\/\/www.galeriedurst.com\/oeuvre\/marine-ciel-rouge\/"},"modified":"2026-03-09T14:06:40","modified_gmt":"2026-03-09T13:06:40","slug":"marine-ciel-rouge","status":"publish","type":"product","link":"https:\/\/www.galeriedurst.com\/en\/oeuvre\/marine-ciel-rouge\/","title":{"rendered":"Marine, ciel rouge"},"content":{"rendered":"<p>C\u00e9ramic<\/p>\n<p>29 x 22 cm<\/p>\n<p>Original and signed artwork<\/p>\n<p>&nbsp;<\/p>\n<p>Marc Tanguy\u2019s artworks translate landscapes into emotions and sensations, blending spontaneous gestures with carefully composed structures. His canvases, playing with raw pigments and expansive color harmonies, immerse the viewer in hypnotic spaces where abstraction and intensity meet. <\/p>\n<p>&nbsp;<\/p>\n<p>This artwork is on view at Galerie Durst, Paris.<\/p>\n<p>Contact us at <a href=\"mailto:bonjour@galeriedurst.com\">bonjour@galeriedurst.com<\/a> for more information about this work.<\/p>\n","protected":false},"excerpt":{"rendered":"<p>C\u00e9ramic 29 x 22 cm Original and signed artwork &nbsp; Marc Tanguy\u2019s artworks translate landscapes into emotions and sensations, blending spontaneous gestures with carefully composed structures. His canvases, playing with raw pigments and expansive color harmonies, immerse the viewer in hypnotic spaces where abstraction and intensity meet. &nbsp; This artwork is on view at Galerie [&hellip;]<\/p>\n","protected":false},"featured_media":19339,"comment_status":"open","ping_status":"closed","template":"","meta":{"_acf_changed":false},"product_brand":[],"product_cat":[591],"product_tag":[],"class_list":{"0":"post-19367","1":"product","2":"type-product","3":"status-publish","4":"has-post-thumbnail","6":"product_cat-marc-tanguy-en","8":"first","9":"instock","10":"taxable","11":"shipping-taxable","12":"purchasable","13":"product-type-simple"},"acf":[],"yoast_head":"<!-- This site is optimized with the Yoast SEO plugin v27.1.1 - https:\/\/yoast.com\/product\/yoast-seo-wordpress\/ -->\n<title>Marine, ciel rouge - Galerie Durst<\/title>\n<meta name=\"description\" content=\"D\u00e9couvrez l&#039;\u0153uvre de Marc Tanguy, \u00ab Marine, ciel rouge \u00bb, une \u0153uvre c\u00e9ramique. \u00c0 d\u00e9couvrir exclusivement \u00e0 la Galerie Durst.\" \/>\n<meta name=\"robots\" content=\"index, follow, max-snippet:-1, max-image-preview:large, max-video-preview:-1\" \/>\n<link rel=\"canonical\" href=\"https:\/\/www.galeriedurst.com\/en\/oeuvre\/marine-ciel-rouge\/\" \/>\n<meta property=\"og:locale\" content=\"en_US\" \/>\n<meta property=\"og:type\" content=\"article\" \/>\n<meta property=\"og:title\" content=\"Marine, ciel rouge - Galerie Durst\" \/>\n<meta property=\"og:description\" content=\"D\u00e9couvrez l&#039;\u0153uvre de Marc Tanguy, \u00ab Marine, ciel rouge \u00bb, une \u0153uvre c\u00e9ramique. \u00c0 d\u00e9couvrir exclusivement \u00e0 la Galerie Durst.\" \/>\n<meta property=\"og:url\" content=\"https:\/\/www.galeriedurst.com\/en\/oeuvre\/marine-ciel-rouge\/\" \/>\n<meta property=\"og:site_name\" content=\"Galerie Durst\" \/>\n<meta property=\"article:modified_time\" content=\"2026-03-09T13:06:40+00:00\" \/>\n<meta property=\"og:image\" content=\"https:\/\/www.galeriedurst.com\/\/content\/uploads\/2026\/03\/Capture-decran-2026-03-06-a-11.59.20-796x1024.png\" \/>\n\t<meta property=\"og:image:width\" content=\"796\" \/>\n\t<meta property=\"og:image:height\" content=\"1024\" \/>\n\t<meta property=\"og:image:type\" content=\"image\/png\" \/>\n<meta name=\"twitter:card\" content=\"summary_large_image\" \/>\n<script type=\"application\/ld+json\" class=\"yoast-schema-graph\">{\"@context\":\"https:\/\/schema.org\",\"@graph\":[{\"@type\":\"WebPage\",\"@id\":\"https:\/\/www.galeriedurst.com\/en\/oeuvre\/marine-ciel-rouge\/\",\"url\":\"https:\/\/www.galeriedurst.com\/en\/oeuvre\/marine-ciel-rouge\/\",\"name\":\"Marine, ciel rouge - Galerie Durst\",\"isPartOf\":{\"@id\":\"https:\/\/www.galeriedurst.com\/en\/#website\"},\"primaryImageOfPage\":{\"@id\":\"https:\/\/www.galeriedurst.com\/en\/oeuvre\/marine-ciel-rouge\/#primaryimage\"},\"image\":{\"@id\":\"https:\/\/www.galeriedurst.com\/en\/oeuvre\/marine-ciel-rouge\/#primaryimage\"},\"thumbnailUrl\":\"https:\/\/www.galeriedurst.com\/\/content\/uploads\/2026\/03\/Capture-decran-2026-03-06-a-11.59.20.png\",\"datePublished\":\"2026-03-06T11:00:27+00:00\",\"dateModified\":\"2026-03-09T13:06:40+00:00\",\"description\":\"D\u00e9couvrez l'\u0153uvre de Marc Tanguy, \u00ab Marine, ciel rouge \u00bb, une \u0153uvre c\u00e9ramique. \u00c0 d\u00e9couvrir exclusivement \u00e0 la Galerie Durst.\",\"breadcrumb\":{\"@id\":\"https:\/\/www.galeriedurst.com\/en\/oeuvre\/marine-ciel-rouge\/#breadcrumb\"},\"inLanguage\":\"en-US\",\"potentialAction\":[{\"@type\":\"ReadAction\",\"target\":[\"https:\/\/www.galeriedurst.com\/en\/oeuvre\/marine-ciel-rouge\/\"]}]},{\"@type\":\"ImageObject\",\"inLanguage\":\"en-US\",\"@id\":\"https:\/\/www.galeriedurst.com\/en\/oeuvre\/marine-ciel-rouge\/#primaryimage\",\"url\":\"https:\/\/www.galeriedurst.com\/\/content\/uploads\/2026\/03\/Capture-decran-2026-03-06-a-11.59.20.png\",\"contentUrl\":\"https:\/\/www.galeriedurst.com\/\/content\/uploads\/2026\/03\/Capture-decran-2026-03-06-a-11.59.20.png\",\"width\":908,\"height\":1168},{\"@type\":\"BreadcrumbList\",\"@id\":\"https:\/\/www.galeriedurst.com\/en\/oeuvre\/marine-ciel-rouge\/#breadcrumb\",\"itemListElement\":[{\"@type\":\"ListItem\",\"position\":1,\"name\":\"Home\",\"item\":\"https:\/\/www.galeriedurst.com\/en\/homepage\/\"},{\"@type\":\"ListItem\",\"position\":2,\"name\":\"Artworks\",\"item\":\"https:\/\/www.galeriedurst.com\/en\/artworks\/\"},{\"@type\":\"ListItem\",\"position\":3,\"name\":\"Marine, ciel rouge\"}]},{\"@type\":\"WebSite\",\"@id\":\"https:\/\/www.galeriedurst.com\/en\/#website\",\"url\":\"https:\/\/www.galeriedurst.com\/en\/\",\"name\":\"Galerie Durst\",\"description\":\"Paris contemporary art gallery & art consultancy\",\"publisher\":{\"@id\":\"https:\/\/www.galeriedurst.com\/en\/#organization\"},\"potentialAction\":[{\"@type\":\"SearchAction\",\"target\":{\"@type\":\"EntryPoint\",\"urlTemplate\":\"https:\/\/www.galeriedurst.com\/en\/?s={search_term_string}\"},\"query-input\":{\"@type\":\"PropertyValueSpecification\",\"valueRequired\":true,\"valueName\":\"search_term_string\"}}],\"inLanguage\":\"en-US\"},{\"@type\":\"Organization\",\"@id\":\"https:\/\/www.galeriedurst.com\/en\/#organization\",\"name\":\"Galerie Durst\",\"url\":\"https:\/\/www.galeriedurst.com\/en\/\",\"logo\":{\"@type\":\"ImageObject\",\"inLanguage\":\"en-US\",\"@id\":\"https:\/\/www.galeriedurst.com\/en\/#\/schema\/logo\/image\/\",\"url\":\"https:\/\/www.galeriedurst.com\/\/content\/uploads\/2021\/10\/GalerieDurst_Logo.svg\",\"contentUrl\":\"https:\/\/www.galeriedurst.com\/\/content\/uploads\/2021\/10\/GalerieDurst_Logo.svg\",\"width\":1,\"height\":1,\"caption\":\"Galerie Durst\"},\"image\":{\"@id\":\"https:\/\/www.galeriedurst.com\/en\/#\/schema\/logo\/image\/\"}}]}<\/script>\n<!-- \/ Yoast SEO plugin. -->","yoast_head_json":{"title":"Marine, ciel rouge - Galerie Durst","description":"D\u00e9couvrez l'\u0153uvre de Marc Tanguy, \u00ab Marine, ciel rouge \u00bb, une \u0153uvre c\u00e9ramique. \u00c0 d\u00e9couvrir exclusivement \u00e0 la Galerie Durst.","robots":{"index":"index","follow":"follow","max-snippet":"max-snippet:-1","max-image-preview":"max-image-preview:large","max-video-preview":"max-video-preview:-1"},"canonical":"https:\/\/www.galeriedurst.com\/en\/oeuvre\/marine-ciel-rouge\/","og_locale":"en_US","og_type":"article","og_title":"Marine, ciel rouge - Galerie Durst","og_description":"D\u00e9couvrez l'\u0153uvre de Marc Tanguy, \u00ab Marine, ciel rouge \u00bb, une \u0153uvre c\u00e9ramique. \u00c0 d\u00e9couvrir exclusivement \u00e0 la Galerie Durst.","og_url":"https:\/\/www.galeriedurst.com\/en\/oeuvre\/marine-ciel-rouge\/","og_site_name":"Galerie Durst","article_modified_time":"2026-03-09T13:06:40+00:00","og_image":[{"width":796,"height":1024,"url":"https:\/\/www.galeriedurst.com\/\/content\/uploads\/2026\/03\/Capture-decran-2026-03-06-a-11.59.20-796x1024.png","type":"image\/png"}],"twitter_card":"summary_large_image","schema":{"@context":"https:\/\/schema.org","@graph":[{"@type":"WebPage","@id":"https:\/\/www.galeriedurst.com\/en\/oeuvre\/marine-ciel-rouge\/","url":"https:\/\/www.galeriedurst.com\/en\/oeuvre\/marine-ciel-rouge\/","name":"Marine, ciel rouge - Galerie Durst","isPartOf":{"@id":"https:\/\/www.galeriedurst.com\/en\/#website"},"primaryImageOfPage":{"@id":"https:\/\/www.galeriedurst.com\/en\/oeuvre\/marine-ciel-rouge\/#primaryimage"},"image":{"@id":"https:\/\/www.galeriedurst.com\/en\/oeuvre\/marine-ciel-rouge\/#primaryimage"},"thumbnailUrl":"https:\/\/www.galeriedurst.com\/\/content\/uploads\/2026\/03\/Capture-decran-2026-03-06-a-11.59.20.png","datePublished":"2026-03-06T11:00:27+00:00","dateModified":"2026-03-09T13:06:40+00:00","description":"D\u00e9couvrez l'\u0153uvre de Marc Tanguy, \u00ab Marine, ciel rouge \u00bb, une \u0153uvre c\u00e9ramique. \u00c0 d\u00e9couvrir exclusivement \u00e0 la Galerie Durst.","breadcrumb":{"@id":"https:\/\/www.galeriedurst.com\/en\/oeuvre\/marine-ciel-rouge\/#breadcrumb"},"inLanguage":"en-US","potentialAction":[{"@type":"ReadAction","target":["https:\/\/www.galeriedurst.com\/en\/oeuvre\/marine-ciel-rouge\/"]}]},{"@type":"ImageObject","inLanguage":"en-US","@id":"https:\/\/www.galeriedurst.com\/en\/oeuvre\/marine-ciel-rouge\/#primaryimage","url":"https:\/\/www.galeriedurst.com\/\/content\/uploads\/2026\/03\/Capture-decran-2026-03-06-a-11.59.20.png","contentUrl":"https:\/\/www.galeriedurst.com\/\/content\/uploads\/2026\/03\/Capture-decran-2026-03-06-a-11.59.20.png","width":908,"height":1168},{"@type":"BreadcrumbList","@id":"https:\/\/www.galeriedurst.com\/en\/oeuvre\/marine-ciel-rouge\/#breadcrumb","itemListElement":[{"@type":"ListItem","position":1,"name":"Home","item":"https:\/\/www.galeriedurst.com\/en\/homepage\/"},{"@type":"ListItem","position":2,"name":"Artworks","item":"https:\/\/www.galeriedurst.com\/en\/artworks\/"},{"@type":"ListItem","position":3,"name":"Marine, ciel rouge"}]},{"@type":"WebSite","@id":"https:\/\/www.galeriedurst.com\/en\/#website","url":"https:\/\/www.galeriedurst.com\/en\/","name":"Galerie Durst","description":"Paris contemporary art gallery & art consultancy","publisher":{"@id":"https:\/\/www.galeriedurst.com\/en\/#organization"},"potentialAction":[{"@type":"SearchAction","target":{"@type":"EntryPoint","urlTemplate":"https:\/\/www.galeriedurst.com\/en\/?s={search_term_string}"},"query-input":{"@type":"PropertyValueSpecification","valueRequired":true,"valueName":"search_term_string"}}],"inLanguage":"en-US"},{"@type":"Organization","@id":"https:\/\/www.galeriedurst.com\/en\/#organization","name":"Galerie Durst","url":"https:\/\/www.galeriedurst.com\/en\/","logo":{"@type":"ImageObject","inLanguage":"en-US","@id":"https:\/\/www.galeriedurst.com\/en\/#\/schema\/logo\/image\/","url":"https:\/\/www.galeriedurst.com\/\/content\/uploads\/2021\/10\/GalerieDurst_Logo.svg","contentUrl":"https:\/\/www.galeriedurst.com\/\/content\/uploads\/2021\/10\/GalerieDurst_Logo.svg","width":1,"height":1,"caption":"Galerie Durst"},"image":{"@id":"https:\/\/www.galeriedurst.com\/en\/#\/schema\/logo\/image\/"}}]}},"_links":{"self":[{"href":"https:\/\/www.galeriedurst.com\/en\/wp-json\/wp\/v2\/product\/19367","targetHints":{"allow":["GET"]}}],"collection":[{"href":"https:\/\/www.galeriedurst.com\/en\/wp-json\/wp\/v2\/product"}],"about":[{"href":"https:\/\/www.galeriedurst.com\/en\/wp-json\/wp\/v2\/types\/product"}],"replies":[{"embeddable":true,"href":"https:\/\/www.galeriedurst.com\/en\/wp-json\/wp\/v2\/comments?post=19367"}],"wp:featuredmedia":[{"embeddable":true,"href":"https:\/\/www.galeriedurst.com\/en\/wp-json\/wp\/v2\/media\/19339"}],"wp:attachment":[{"href":"https:\/\/www.galeriedurst.com\/en\/wp-json\/wp\/v2\/media?parent=19367"}],"wp:term":[{"taxonomy":"product_brand","embeddable":true,"href":"https:\/\/www.galeriedurst.com\/en\/wp-json\/wp\/v2\/product_brand?post=19367"},{"taxonomy":"product_cat","embeddable":true,"href":"https:\/\/www.galeriedurst.com\/en\/wp-json\/wp\/v2\/product_cat?post=19367"},{"taxonomy":"product_tag","embeddable":true,"href":"https:\/\/www.galeriedurst.com\/en\/wp-json\/wp\/v2\/product_tag?post=19367"}],"curies":[{"name":"wp","href":"https:\/\/api.w.org\/{rel}","templated":true}]}}

<p>Céramic</p>
<p>29 x 22 cm</p>
<p>Original and signed artwork</p>
<p>&nbsp;</p>
<p>Marc Tanguy’s artworks translate landscapes into emotions and sensations, blending spontaneous gestures with carefully composed structures. His canvases, playing with raw pigments and expansive color harmonies, immerse the viewer in hypnotic spaces where abstraction and intensity meet. </p>
<p>&nbsp;</p>
<p>This artwork is on view at Galerie Durst, Paris.</p>
<p>Contact us at <a href="mailto:bonjour@galeriedurst.com">bonjour@galeriedurst.com</a> for more information about this work.</p>

<p>Céramic 29 x 22 cm Original and signed artwork &nbsp; Marc Tanguy’s artworks translate landscapes into emotions and sensations, blending spontaneous gestures with carefully composed structures. His canvases, playing with raw pigments and expansive color harmonies, immerse the viewer in hypnotic spaces where abstraction and intensity meet. &nbsp; This artwork is on view at Galerie [&hellip;]</p>

<!-- This site is optimized with the Yoast SEO plugin v27.1.1 - https://yoast.com/product/yoast-seo-wordpress/ -->
<title>Marine, ciel rouge - Galerie Durst</title>
<meta name="description" content="Découvrez l&#039;œuvre de Marc Tanguy, « Marine, ciel rouge », une œuvre céramique. À découvrir exclusivement à la Galerie Durst." />
<meta name="robots" content="index, follow, max-snippet:-1, max-image-preview:large, max-video-preview:-1" />
<link rel="canonical" href="https://www.galeriedurst.com/en/oeuvre/marine-ciel-rouge/" />
<meta property="og:locale" content="en_US" />
<meta property="og:type" content="article" />
<meta property="og:title" content="Marine, ciel rouge - Galerie Durst" />
<meta property="og:description" content="Découvrez l&#039;œuvre de Marc Tanguy, « Marine, ciel rouge », une œuvre céramique. À découvrir exclusivement à la Galerie Durst." />
<meta property="og:url" content="https://www.galeriedurst.com/en/oeuvre/marine-ciel-rouge/" />
<meta property="og:site_name" content="Galerie Durst" />
<meta property="article:modified_time" content="2026-03-09T13:06:40+00:00" />
<meta property="og:image" content="https://www.galeriedurst.com//content/uploads/2026/03/Capture-decran-2026-03-06-a-11.59.20-796x1024.png" />
	<meta property="og:image:width" content="796" />
	<meta property="og:image:height" content="1024" />
	<meta property="og:image:type" content="image/png" />
<meta name="twitter:card" content="summary_large_image" />
<script type="application/ld+json" class="yoast-schema-graph">{"@context":"https://schema.org","@graph":[{"@type":"WebPage","@id":"https://www.galeriedurst.com/en/oeuvre/marine-ciel-rouge/","url":"https://www.galeriedurst.com/en/oeuvre/marine-ciel-rouge/","name":"Marine, ciel rouge - Galerie Durst","isPartOf":{"@id":"https://www.galeriedurst.com/en/#website"},"primaryImageOfPage":{"@id":"https://www.galeriedurst.com/en/oeuvre/marine-ciel-rouge/#primaryimage"},"image":{"@id":"https://www.galeriedurst.com/en/oeuvre/marine-ciel-rouge/#primaryimage"},"thumbnailUrl":"https://www.galeriedurst.com//content/uploads/2026/03/Capture-decran-2026-03-06-a-11.59.20.png","datePublished":"2026-03-06T11:00:27+00:00","dateModified":"2026-03-09T13:06:40+00:00","description":"Découvrez l'œuvre de Marc Tanguy, « Marine, ciel rouge », une œuvre céramique. À découvrir exclusivement à la Galerie Durst.","breadcrumb":{"@id":"https://www.galeriedurst.com/en/oeuvre/marine-ciel-rouge/#breadcrumb"},"inLanguage":"en-US","potentialAction":[{"@type":"ReadAction","target":["https://www.galeriedurst.com/en/oeuvre/marine-ciel-rouge/"]}]},{"@type":"ImageObject","inLanguage":"en-US","@id":"https://www.galeriedurst.com/en/oeuvre/marine-ciel-rouge/#primaryimage","url":"https://www.galeriedurst.com//content/uploads/2026/03/Capture-decran-2026-03-06-a-11.59.20.png","contentUrl":"https://www.galeriedurst.com//content/uploads/2026/03/Capture-decran-2026-03-06-a-11.59.20.png","width":908,"height":1168},{"@type":"BreadcrumbList","@id":"https://www.galeriedurst.com/en/oeuvre/marine-ciel-rouge/#breadcrumb","itemListElement":[{"@type":"ListItem","position":1,"name":"Home","item":"https://www.galeriedurst.com/en/homepage/"},{"@type":"ListItem","position":2,"name":"Artworks","item":"https://www.galeriedurst.com/en/artworks/"},{"@type":"ListItem","position":3,"name":"Marine, ciel rouge"}]},{"@type":"WebSite","@id":"https://www.galeriedurst.com/en/#website","url":"https://www.galeriedurst.com/en/","name":"Galerie Durst","description":"Paris contemporary art gallery & art consultancy","publisher":{"@id":"https://www.galeriedurst.com/en/#organization"},"potentialAction":[{"@type":"SearchAction","target":{"@type":"EntryPoint","urlTemplate":"https://www.galeriedurst.com/en/?s={search_term_string}"},"query-input":{"@type":"PropertyValueSpecification","valueRequired":true,"valueName":"search_term_string"}}],"inLanguage":"en-US"},{"@type":"Organization","@id":"https://www.galeriedurst.com/en/#organization","name":"Galerie Durst","url":"https://www.galeriedurst.com/en/","logo":{"@type":"ImageObject","inLanguage":"en-US","@id":"https://www.galeriedurst.com/en/#/schema/logo/image/","url":"https://www.galeriedurst.com//content/uploads/2021/10/GalerieDurst_Logo.svg","contentUrl":"https://www.galeriedurst.com//content/uploads/2021/10/GalerieDurst_Logo.svg","width":1,"height":1,"caption":"Galerie Durst"},"image":{"@id":"https://www.galeriedurst.com/en/#/schema/logo/image/"}}]}</script>
<!-- / Yoast SEO plugin. -->

Découvrez l'œuvre de Marc Tanguy, « Marine, ciel rouge », une œuvre céramique. À découvrir exclusivement à la Galerie Durst.
